{"id":1376,"date":"2013-05-27T22:06:20","date_gmt":"2013-05-27T20:06:20","guid":{"rendered":"http:\/\/www.dun-hong.nl\/?page_id=1376"},"modified":"2018-06-18T16:01:20","modified_gmt":"2018-06-18T14:01:20","slug":"deutsch","status":"publish","type":"page","link":"https:\/\/www.dun-hong.nl\/index.php\/deutsch\/","title":{"rendered":"Deutsch"},"content":{"rendered":"<p style=\"text-align: center;\" align=\"center\"><span style=\"text-decoration: underline; font-size: 14pt;\"><b>Internationale Offene Den Helder\u00a0<\/b><b>Judo Meisterschaften 2018<\/b><\/span><\/p>\n<p><b>Anbei l\u00e4dt der Budoclub DUN HONG Sie ein f\u00fcr die 41. internationale offenen &#8220;Heldersen&#8221; Judo-Meisterschaften, die gehalten wird am 24. und 25. November 2018 im Sportzentrum, Schootenweg 2, 1785 LV Den Helder.<\/b><\/p>\n<p>Das Turnier ist genehmigt vom <b>Judo Bond Nederland <\/b>unter Nummer\u00a0<strong>int-2018-0138.<br \/>\n<\/strong><b><br \/>\n<\/b>Eingeladen werden Vereine aus England, Irland, Italien, Belgien, Deutschland, Wales, Schottland, Frankreich, Ungarn, Finnland, Israel, Polen, Tschechische Republik, D\u00e4nemark, Kroatien, \u00d6sterreich, Luxemburg, der Schweiz, Mazedonien, Norwegen, Schweden und den Niederlanden nat\u00fcrlich.<\/p>\n<p><b>Das Anmeldeformular kann bis\u00a0Sontag 4 November 2018 per email gesendet werden\u00a0<\/b><b>per an: <a href=\"mailto:ohkjudo@gmail.com\">OHKJudo<\/a> .<\/b><\/p>\n<p>F\u00fcr weitere Informationen:<br \/>\n<a href=\"http:\/\/www.dun-hong.nl\/wp-content\/uploads\/2018\/06\/41ste-Internationale-Offenee-Judo-Meisterschaften-den-Helder-2018.pdf\" target=\"_blank\" rel=\"noopener\">41ste Internationale Offenee Judo Meisterschaften den Helder-2018<\/a><\/p>\n<p><a href=\"http:\/\/www.dun-hong.nl\/wp-content\/uploads\/2018\/06\/Anmeldeformular-Samstag-24-November-2018.xls\" target=\"_blank\" rel=\"noopener\">Anmeldeformular Samstag 24 November 2018<\/a><\/p>\n<p><a href=\"http:\/\/www.dun-hong.nl\/wp-content\/uploads\/2018\/06\/Anmeldeformular-Sonntag-25-November-2018.xls\" target=\"_blank\" rel=\"noopener\">Anmeldeformular Sonntag 25 November 2018<\/a><\/p>\n<p>&nbsp;<\/p>\n<div class=\"pgm\" data-pronamic-google-maps-info-var=\"pgmInfo1\"><script>window.pgmInfo1 = {\"static\":false,\"width\":\"550\",\"height\":\"350\",\"latitude\":52.945376338276,\"longitude\":4.7670664355819,\"label\":null,\"color\":null,\"newDesign\":null,\"mapOptions\":{\"mapTypeId\":\"roadmap\",\"zoom\":16},\"markerOptions\":{},\"title\":\"OHK\",\"description\":\"DUN HONG<br>Internationale Offene Den Helder Judo Meisterschaften 2015<br>Sportpark Quelderduin<br>\\r\\nSchootenweg 2, 1785 LV, Den Helder\"};<\/script><input type=\"hidden\" name=\"pgm-info\" value=\"{&quot;static&quot;:false,&quot;width&quot;:&quot;550&quot;,&quot;height&quot;:&quot;350&quot;,&quot;latitude&quot;:52.945376338276,&quot;longitude&quot;:4.7670664355819,&quot;label&quot;:null,&quot;color&quot;:null,&quot;newDesign&quot;:null,&quot;mapOptions&quot;:{&quot;mapTypeId&quot;:&quot;roadmap&quot;,&quot;zoom&quot;:16},&quot;markerOptions&quot;:{},&quot;title&quot;:&quot;OHK&quot;,&quot;description&quot;:&quot;DUN HONG&lt;br&gt;Internationale Offene Den Helder Judo Meisterschaften 2015&lt;br&gt;Sportpark Quelderduin&lt;br&gt;\\r\\nSchootenweg 2, 1785 LV, Den Helder&quot;}\" \/><div class=\"canvas\" style=\"width: 550px; height: 350px;\">\t<noscript><img decoding=\"async\" src=\"https:\/\/maps.google.com\/maps\/api\/staticmap?center=52.945376338276%2C4.7670664355819&#038;zoom=16&#038;size=550x350&#038;maptype=roadmap&#038;markers=52.945376338276%2C4.7670664355819\" alt=\"\" \/><\/noscript><\/div><\/div>\n","protected":false},"excerpt":{"rendered":"<p>Internationale Offene Den Helder\u00a0Judo Meisterschaften 2018 Anbei l\u00e4dt der Budoclub DUN HONG Sie ein f\u00fcr die 41. internationale offenen &#8220;Heldersen&#8221; Judo-Meisterschaften, die gehalten wird am 24. und 25. November 2018 im Sportzentrum, Schootenweg 2, 1785 LV Den Helder. Das Turnier &hellip; <a href=\"https:\/\/www.dun-hong.nl\/index.php\/deutsch\/\">Lees verder <span class=\"meta-nav\">&rarr;<\/span><\/a><\/p>\n","protected":false},"author":5,"featured_media":4051,"parent":0,"menu_order":0,"comment_status":"closed","ping_status":"closed","template":"onecolumn-page.php","meta":{"footnotes":""},"class_list":["post-1376","page","type-page","status-publish","has-post-thumbnail","hentry"],"jetpack_sharing_enabled":true,"jetpack_shortlink":"https:\/\/wp.me\/P2TQ2R-mc","_links":{"self":[{"href":"https:\/\/www.dun-hong.nl\/index.php\/wp-json\/wp\/v2\/pages\/1376","targetHints":{"allow":["GET"]}}],"collection":[{"href":"https:\/\/www.dun-hong.nl\/index.php\/wp-json\/wp\/v2\/pages"}],"about":[{"href":"https:\/\/www.dun-hong.nl\/index.php\/wp-json\/wp\/v2\/types\/page"}],"author":[{"embeddable":true,"href":"https:\/\/www.dun-hong.nl\/index.php\/wp-json\/wp\/v2\/users\/5"}],"replies":[{"embeddable":true,"href":"https:\/\/www.dun-hong.nl\/index.php\/wp-json\/wp\/v2\/comments?post=1376"}],"version-history":[{"count":28,"href":"https:\/\/www.dun-hong.nl\/index.php\/wp-json\/wp\/v2\/pages\/1376\/revisions"}],"predecessor-version":[{"id":4074,"href":"https:\/\/www.dun-hong.nl\/index.php\/wp-json\/wp\/v2\/pages\/1376\/revisions\/4074"}],"wp:featuredmedia":[{"embeddable":true,"href":"https:\/\/www.dun-hong.nl\/index.php\/wp-json\/wp\/v2\/media\/4051"}],"wp:attachment":[{"href":"https:\/\/www.dun-hong.nl\/index.php\/wp-json\/wp\/v2\/media?parent=1376"}],"curies":[{"name":"wp","href":"https:\/\/api.w.org\/{rel}","templated":true}]}}